YEARLY CLIMATOLOGICAL SUMMARY for Nov 2012 NAME: CITY: STATE: ELEV: 73 LAT: 047:18:05 LONG: 0001:25:05 TEMPERATURE ( °C), RAIN (mm), WIND SPEED (kmh) HEAT COOL AVG MEAN DEG DEG WIND DOM MTH TEMP HIGH TIME LOW TIME DAYS DAYS RAIN SPEED HIGH TIME DIR ---------------------------------------------------------------------------------------------------------------------------------------------------------- 01 07.0 13.3 11:59 -02.3 08:30 331.2 000.0 53.0 11.5 74.0 16:18 N 02 02.4 16.6 16:16 -08.1 08:11 417.2 000.0 09.5 09.2 48.1 15:01 N 03 10.4 22.1 17:56 01.3 07:58 237.4 000.0 27.6 10.7 59.2 20:01 N 04 09.3 18.9 17:09 01.9 08:08 259.4 000.0 117.2 13.0 74.0 23:58 N 05 14.5 29.6 17:47 04.5 07:03 140.5 011.4 31.0 10.4 50.0 15:57 N 06 16.8 30.5 16:01 08.5 06:06 059.6 012.7 54.2 12.0 68.5 23:57 N 07 18.1 35.3 17:58 10.6 05:05 041.5 028.2 58.4 09.7 50.0 15:24 N 08 20.1 35.3 17:37 09.7 07:48 003.4 061.3 21.2 10.2 61.0 14:06 N 09 15.6 29.9 16:56 06.5 08:16 083.7 003.8 48.9 08.9 74.0 23:59 N 10 12.9 21.9 16:53 02.8 07:25 152.0 000.0 205.7 09.2 57.4 15:29 N 11 08.4 15.0 18:32 -00.5 09:02 298.8 000.0 61.7 10.1 85.1 23:59 N ---------------------------------------------------------------------------------------------------------------------------------------------------------- 12.5 35.3 -8.1 2024.9 117.3 688.4 10.4 34.1 N Max >= 32.0: 11 Max <= 0.0: 1 Min <= 0.0: 325 Min <= -18.0: 0 Max >= 32.0: 11 Max <= 0.0: 1 Min <= 0.0: 325 Min <= -18.0: 0 Max <= -5.0: 0 Min <= -5.0: 10 Max <= -10.0: 0 Min <= -10.0: 0 Max <= -15.0: 0 Min <= -15.0: 0 Max <= -20.0: 0 Min <= -20.0: 0 Max <= -25.0: 0 Min <= -25.0: 0 Max Rain: 0.0 ON 30-01-12 Days of Rain: 121 (> .2mm) 78 (> 2mm) 7 (> 20mm)